 Let y be ((-6)/z - 2)/((-10)/160). Let g(u) = -u**3 + 9*u**2 - 8*u + 5. Determine g(y).
5
Let p(q) = 166*q - 1476. Let c be p(9). Let x(m) = m**2 - 16*m - 40. Determine x(c).
-4
Let x(u) = -7*u**3 - 42*u**2 - 39*u - 7. Let q(r) = 4*r**3 + 22*r**2 + 21*r + 4. Let k(f) = 11*q(f) + 6*x(f). Give k(5).
-13
Let i(x) = -x**3 + 5*x**2 + 8*x - 6. Let u be (0/(-4) + 15)/(5/(-195)). Let r = u - -591. Calculate i(r).
6
Let v(s) = 63*s - 4224. Let z be v(67). Let o(b) = -80*b - 250. What is o(z)?
-10
Let c be (-2 - -4)/(6/21). Suppose 0 = 10*p - c*p. Let z(y) = -5*y**2 - 5*y + 14. Let k(r) = -4*r**2 - 4*r + 12. Let q(j) = -4*k(j) + 3*z(j). What is q(p)?
-6
Let z(q) = -2*q**3 + 7*q. Let h(o) = 7*o**3 - 10*o**2 - 57*o - 17. Let a(r) = h(r) + 4*z(r). Give a(-5).
3
Let v be 0 + -1 + 3 + 33*3. Let w = v - 81. Let d(x) = -11*x + 18*x**2 - 39*x**2 - 12 + w*x**2. What is d(-9)?
6
Let y = 93 + -88. Let f be (2/(-6))/((-1)/(y + 16)). Let s(x) be the first derivative of x**4/4 - 2*x**3 - 2*x**2 + x - 28. Give s(f).
22
Let i(v) be the second derivative of -v**5/20 + 3*v**4/4 + 7*v**3/6 + 13*v**2/2 - v. Suppose -21*p = 13*p + 19*p - 530. Calculate i(p).
-17
Let v(r) = -4*r**3 - 14*r**2 - 24. Let h(t) = -3*t**3 - 11*t**2 - 25. Let j(s) = -5*h(s) + 4*v(s). Suppose -z - 3 = 2*x + 1, 0 = -2*z - x - 2. Calculate j(z).
29
Let b(l) = -52*l + 2. Let z be b(-1). Let n = 58 - z. Suppose -a + 5*g = 3 + n, 5*g - 10 = 0. Let p(d) = -2*d**2 + 3*d + 4. What is p(a)?
-5
Let u(o) be the second derivative of 5*o**3 + 6*o**2 + 2988*o. Calculate u(-1).
-18
Suppose 0 = 26*u - 20*u + 42. Let t(l) be the third derivative of l**5/60 + l**4/3 + 8*l**3/3 + 4*l**2 + 2*l. Give t(u).
9
Let k(h) = -h - 7. Let m = 251 + -383. Let x be ((-1)/4)/(3/m). What is k(x)?
-18
Let t(v) = -2*v - 31. Let b(c) = -c**2 + 7*c + 5. Let g be b(-6). Let y = 54 + g. Let a be t(y). Let n(w) = -w**2 + 6*w + 4. What is n(a)?
-3
Let d be 164/1722 - (-2)/((-84)/(-31)). Let n(f) be the second derivative of -8*f + 1/6*f**4 - d*f**3 + 0 - 3/2*f**2 + 1/20*f**5. Determine n(-3).
3
Let i(v) = v**3 + v**2 - 13*v - 3. Let j = 9771 - 9775. What is i(j)?
1
Let f(k) = -3*k + 6. Let i be f(2). Suppose r + i*u - 39 = 2*u, -5*r + 3*u = -181. Let q = 39 - r. Let d(o) = -o + 9. What is d(q)?
5
Suppose -3*x = -x. Suppose -5*h + 10*h = x. Let g(f) = 6*f**2 + 11*f + 4. Let y(r) = r**2 + 2*r + 2. Let n(b) = g(b) - 5*y(b). What is n(h)?
-6
Let f(i) = 2*i**3 + 7*i**2 - 5*i + 3. Suppose 10 = -4*h + 9*h. Suppose 4 - 6 = -h*g, 2*t + 6 = -2*g. Let y be f(t). Let l(a) = -a**2 + 5*a + 5. Calculate l(y).
-9
Let f(r) be the second derivative of r**3/6 + r**2/2 + 2110*r. Suppose 3*b + b = 0, 0 = 4*g - 3*b - 4. Let s be (g + 9/6)*2. Give f(s).
6
Suppose 4*n - 7 = 3*x, -633*x + 634*x - 5*n + 6 = 0. Let a(j) = -27*j**3 - 2*j**2 + j + 2. What is a(x)?
26
Suppose 0 = -4*h + 5*l + 22 - 9, h - l - 3 = 0. Let b(g) = -7*g + 4*g - 3*g + 8*g + g**h. Give b(0).
0
Let z be 0/(-4*1 - -2). Let r = 2 - z. Let x(i) be the third derivative of -i**6/60 + i**5/60 + i**4/24 + i**3/6 + 3941*i**2. Give x(r).
-9
Let h(c) be the third derivative of 0*c + 1/8*c**4 + 11/6*c**3 + 29 + 3*c**2. Calculate h(-5).
-4
Let z(x) = -10*x - 19. Let i be 4/6 + (-16)/6. Let d be z(i). Let p be 7 + -2 - (-2)/d. Let o(s) = -s**3 + 8*s**2 - 7*s + 3. What is o(p)?
3
Let o = 6 - 5. Let k(a) be the second derivative of -a**3/6 - 6*a + 72. Give k(o).
-1
Let p(y) = y + 1. Let q be p(0). Let o(i) be the third derivative of 1/6*i**3 + 1/8*i**6 + 1/30*i**5 + 0 + 0*i - 1/12*i**4 - 118*i**2. Give o(q).
16
Let a(o) = -o**3 + 4*o**2 + 2. Let p be a(4). Let c(k) = 12*k + p - 8*k - 7*k - 10*k - 3. Let j(u) = -u**3 - 4*u**2 - u + 4. Let q be j(-3). Give c(q).
25
Let w(n) = n**2 - 22*n - 46. Let c be w(24). Let f(g) = -g**2 - g + 2*g + 5*g**2 - 3*g**2. What is f(c)?
6
Let g(x) = 18*x**3 + x**2 + 8*x + 3. Let r(d) = -14*d**3 - d**2 - 7*d - 3. Let z(a) = 3*g(a) + 4*r(a). Give z(0).
-3
Suppose 0 = g - 0*g + 6. Let f = 251 - 249. Let n(v) = 2*v**2 - 645 + 6*v - v**f - 6*v**2 + 637 - v**3. What is n(g)?
-8
Let u = -313 - -161. Let b = u + 156. Let p(i) = i**2 - 7*i - 1. Give p(b).
-13
Let u(i) be the third derivative of -i**8/10080 + i**7/2520 - i**6/240 - 37*i**5/60 - 7*i**2 - 8*i. Let p(r) be the third derivative of u(r). Give p(2).
-7
Suppose j - 2*r = 9, 11*j - 46 = 7*j - 2*r. Let f(o) = o**3 - 13*o**2 + 18*o + 44. What is f(j)?
0
Let p(u) be the second derivative of -u**3/3 - 49*u**2/2 - 5*u + 11. Calculate p(-19).
-11
Suppose -7 = 81*a + 82*a - 164*a. Let q(c) = c**2 - 18*c + 85. Calculate q(a).
8
Let q(v) be the second derivative of -v**6/120 - 3*v**5/20 - 5*v**3/6 + 93*v**2/2 - 11*v + 1. Let g(o) be the first derivative of q(o). Determine g(-9).
-5
Let r(h) = 77*h + 91. Let b(s) = -5*s - 6. Let j(d) = 91*b(d) + 6*r(d). Suppose 5*q = -25, 5*x + 0*q - 3*q = 20. Give j(x).
7
Let f(i) = 2 - 2468*i - 2 + 16*i**2 + 2469*i. What is f(-1)?
15
Let i(z) = 300*z**3 - 2*z**2 - 296*z**3 + 2*z + 6 + 0*z**2 - 5*z**2. Let a(c) = 5*c**3 - 7*c**2 + c + 7. Let o(d) = -5*a(d) + 6*i(d). Determine o(-8).
9
Let l(q) = 8*q - 43 + 441 - 192 + 24 + q. Calculate l(-25).
5
Suppose 7043*l = 7034*l + 36. Let j(d) = d**2 + 94*d - 389. Calculate j(l).
3
Suppose 0 = -5*a + 5*n - 1205, 2*n - 7*n - 1245 = 5*a. Let t = a - -241. Let k(r) be the first derivative of -r**3/3 - r**2 - 6*r - 2. Calculate k(t).
-14
Let w(m) be the second derivative of 88*m - 2*m**2 - 1/6*m**3 + 0 + 1/12*m**4. What is w(3)?
2
Let u(q) = 20*q**2 - 21*q**2 + 2*q + 9 + q + 4*q. Let c(b) = -b**2 - 8*b - 7. Let d be c(-6). Let z(v) = 5*v - 17. Let s be z(d). Calculate u(s).
1
Let o(m) = m**2 - 3*m - 1. Suppose 0 = -2*u + 3*l - 1, -9*u - 6*u = -5*l + 25. Give o(u).
9
Let x(f) be the first derivative of 5*f**4/24 - f**3 - 77*f**2/2 - f + 33. Let z(g) be the second derivative of x(g). Calculate z(3).
9
Let t(l) = l**3 + 16*l**2 + 15*l - 1. Suppose 11*z + 25233 = 25068. What is t(z)?
-1
Suppose -a + 0*m - 18 = 8*m, 0 = m + 3. Let z(n) = n**3 - 6*n**2 - 2*n + 19. Determine z(a).
7
Let v(u) = -69*u + 14. Let f be v(1). Let i = f - -62. Let m(a) = -6 + a**3 + a**2 + 0 - 8*a**2. Give m(i).
-6
Suppose -4*d = 5*x - 42, 0 = 3*d - 4*x + 8 + 7. Let c(z) = -z**3 + z**2 + 3*z - 3. What is c(d)?
-12
Let k be (-6)/2*-3 - -1. Let b be ((-6)/10)/(k/(-50)). Let u(t) = 2*t**2 + t**3 + 5 - 8*t**2 - 2*t**3 + 2*t**b + 2*t. Give u(5).
-10
Let w be (-9 - (2 - 2))/(3/(-1)). Let z(j) = -3*j**2 - 7*j + 757 - 760 + w*j. What is z(-3)?
-18
Let j(o) = o**3 - 11*o**2 - 5*o + 47. Suppose 0 = -211*w + 548 + 1773. Calculate j(w).
-8
Let d(i) = -4*i + 6. Let h(n) = -14*n - 3. Let x be h(-3). Suppose -o = -x + 20. Suppose -o*a - 16 = -23*a. Determine d(a).
-10
Let d = -71 + 77. Let o(y) = 25*y**2 - 16*y - 5. Let q(h) = -9*h**2 + 5*h + 2. Let u(t) = -4*o(t) - 11*q(t). Determine u(d).
16
Let b(u) = -u**3 + 19*u**2 + 10*u - 196. Let w be b(19). Let h(y) = -y**3 - 4*y**2 + 9*y + 9. What is h(w)?
27
Let y(q) = q + 180. Let g(o) = 2*o + 16. Let v(b) = 4*g(b) - y(b). Give v(18).
10
Let m(v) be the second derivative of -v**3/3 - 3*v**2/2 - 79*v. Let i = 2 - 1. Let n = i + 3. Give m(n).
-11
Let q be 6*(-769)/8 - (-36)/48. Let n be q/7 + 28/98. Let m = n - -75. Let i(o) = o**3 + 6*o**2 - 8*o - 4. Determine i(m).
3
Suppose -t + 1 = -1. Suppose -14 = t*h - 4*f, -19 = 4*h - 7*f + 2*f. Let d(u) = 6*u**2 - 2*u - 1. What is d(h)?
7
Let m be ((-42)/(-9))/((-12)/18). Suppose 0 = -3*g + 2*g + 4*r - 4, 2*g = r + 6. Let h(v) = -8*v + v**3 - 3 + 1 + 6*v**2 - g. What is h(m)?
1
Let a(g) be the third derivative of g**4/24 + 5*g**3/6 - g**2 - 154. Suppose -2*u + 10 = 3*o, 2*u + 15 = o + 5*u. Determine a(o).
5
Let d(o) = -5*o + 2. Suppose -v = 2*p - 13, v + 5*p - 13 - 15 = 0. Suppose 2*r - 29 + v = 0. Let s = 9 - r. What is d(s)?
22
Let y(g) = -g**2 + 15*g + 29. Let q = 4753 + -4737. Calculate y(q).
13
Suppose -3*g + 2*d + 13 = -13, -2*g + 12 = 4*d. Let z(o) = 8*o**2 + 2274*o - 4641*o - o**3 + 2367*o - 9. Give z(g).
-9
Let y(r) = 7*r**3 + 27*r**2 - 14*r - 48. Let b be y(-4). Let d(w) = 2*w + 6. Let x(m) = -3*m - 7. Let o(k) = -5*d(k) - 6*x(k). Determine o(b).
-52
Let g(s) = 4*s. Suppose -20 = -2*z - 3*x, 0 = 3*x - 2*x - 2. Suppose -5*f - 8 = z. Let r be (-1 - 1 - -4) + f. Give g(r).
-4
Let s(t) = t**3 + 8*t**2 + 7*t - 6. Let l 